 = s**2 - 300*s + 18380. What is f(211)?
-399
Let u(t) = -134*t - 12969. What is u(-92)?
-641
Let l(b) = -3549*b + 724011. Calculate l(204).
15
Let x(h) = -h**3 + 78*h**2 - 755*h + 1706. Give x(67).
500
Let h(y) = 12*y**2 - 4782*y - 1503. Calculate h(399).
891
Let c(b) = 32088*b**2 - 160448*b + 25. What is c(5)?
-15
Let d(w) = w**2 + 170*w - 15830. Calculate d(-235).
-555
Let k(h) = h**3 + 44*h**2 + 321*h - 2617. What is k(-18)?
29
Let f(l) = 104*l + 1085. What is f(-11)?
-59
Let c(d) = 40*d**3 + 10*d**2 + 113*d - 242. Determine c(2).
344
Let m(r) = -3*r**2 + 688*r - 11490. Determine m(211).
115
Let r(x) = x**3 + 15*x**2 - 1927*x - 154. Determine r(-52).
2
Let j(o) = 1063*o**2 + 6464*o + 462. Calculate j(-6).
-54
Let l(c) = -38*c**2 - 386*c + 2655. Give l(-15).
-105
Let o(p) = -3*p**3 + 22*p**2 + 126*p - 13. What is o(-5)?
282
Let i(t) = 50037*t + 350275. Give i(-7).
16
Let o(p) = -p**3 + 15*p**2 + 1404*p - 100. Calculate o(-32).
3100
Let w(i) = -9*i**3 - 1656*i**2 + 16*i + 3005. What is w(-184)?
61
Let i(h) = 5*h**3 + 353*h**2 + 164*h + 21777. Give i(-71).
51
Let o(p) = 28*p**2 + 5409*p - 5413. What is o(1)?
24
Let l(f) = -35*f**2 - 35*f + 2487. Give l(8).
-33
Let d(x) = 807*x - 74864. Give d(93).
187
Let x(k) = 455*k**2 - 59*k - 123. Determine x(-2).
1815
Let i(q) = 36786*q + 551785. What is i(-15)?
-5
Let x(y) = -y**2 + 137*y - 946. Determine x(129).
86
Let r(g) = 2*g**2 + 447*g + 4544. Determine r(-217).
1723
Let q(p) = -14*p**3 + 25*p**2 + 1568*p - 1564. Calculate q(1).
15
Let v(a) = -1465*a + 1502. What is v(1)?
37
Let w(v) = -5*v**3 + 27*v**2 + 2673*v + 28. Determine w(26).
-102
Let x(a) = -363*a**2 + 13*a + 23. Calculate x(-2).
-1455
Let i(u) = u**2 + 69876*u + 1606615. Calculate i(-23).
-4
Let u(l) = 15*l**2 - 1088*l + 17215. Determine u(49).
-82
Let c(s) = 79132*s + 79156. Give c(-1).
24
Let r(i) = -i**2 - 2019*i + 1070295. Determine r(436).
-85
Let a(i) = i**3 - 25*i**2 + 72*i - 390. Give a(23).
208
Let d(u) = -2*u**3 - 73*u**2 - 9536*u - 354144. Determine d(-37).
57
Let f(o) = o**3 + 11*o**2 + 3658*o + 32831. What is f(-9)?
71
Let h(y) = 52786*y + 9343129. What is h(-177)?
7
Let a(w) = -1820*w - 46222. What is a(-25)?
-722
Let h(w) = 34051*w + 1736595. Determine h(-51).
-6
Let n(j) = -j**3 - 212*j**2 - 2271*j - 664. Give n(-11).
-4
Let a(f) = -6*f**2 + 1695*f + 14842. Determine a(291).
1
Let d(o) = 4*o**3 + 4683*o**2 + 12814*o - 39722. What is d(-1168)?
-10
Let j(k) = 5795*k + 86974. What is j(-15)?
49
Let s(d) = 77*d**2 - 2385*d - 28. What is s(31)?
34
Let m(c) = -2226*c - 102393. Give m(-46).
3
Let n(t) = 4*t**3 - 27*t**2 - 238*t + 38. What is n(-7)?
-991
Let p(s) = -s**3 - 21*s**2 + 352*s + 6559. Give p(-25).
259
Let v(f) = -18*f**2 - 412*f + 3533. Calculate v(8).
-915
Let n(l) = 4*l**2 + 50*l + 433. Calculate n(-15).
583
Let q(v) = 63036*v - 189038. Determine q(3).
70
Let g(y) = -y**3 + 445*y**2 + 719*y + 78239. Calculate g(447).
14
Let u(q) = -3*q**3 - 120*q**2 + 115*q - 323. Calculate u(-41).
5
Let v(s) = -s**3 - 34*s**2 + 603*s + 1932. Calculate v(-46).
-414
Let y(g) = -86950*g - 782544. Calculate y(-9).
6
Let r(x) = -13825*x + 6387151. Determine r(462).
1
Let y(f) = -4940*f + 14961. Determine y(3).
141
Let a(u) = 3*u**3 + 71*u**2 + 423*u + 101. Give a(-13).
10
Let b(f) = 4264552*f - 25587317. Give b(6).
-5
Let u(j) = -11532*j + 138352. What is u(12)?
-32
Let g(h) = h**2 - 38*h - 3440. Give g(-42).
-80
Let t(s) = -12*s**2 - 21*s - 74. What is t(4)?
-350
Let s(f) = 3741*f + 127934. Determine s(-34).
740
Let l(x) = -45829*x + 137475. What is l(3)?
-12
Let i(s) = 23467*s - 47020. Calculate i(2).
-86
Let c(n) = n**3 + 6*n**2 + 79*n - 250. Calculate c(5).
420
Let m(u) = 13924*u - 15803. What is m(1)?
-1879
Let w(d) = -d**3 - 155*d**2 + 1045*d + 12710. Give w(-161).
-9
Let g(l) = -l**3 + 41*l**2 - 381*l + 1541. Give g(30).
11
Let o(i) = -i**3 + 56*i**2 + 7962*i + 6306. Give o(-65).
1
Let j(q) = 2*q**3 + 361*q**2 + 3570*q + 49. What is j(-170)?
49
Let k(m) = 1595*m**3 + 146739*m**2 - 95*m - 227. Determine k(-92).
49
Let m(u) = -1033*u**2 + 14504*u - 584. Calculate m(14).
4
Let p(t) = -4*t**2 - 39*t + 284. What is p(10)?
-506
Let y(n) = 258*n**2 - 6447*n - 105. Determine y(25).
-30
Let h(g) = -3*g**3 + 35*g**2 + 32*g - 211. Give h(13).
-471
Let b(p) = 2652*p - 365970. Calculate b(138).
6
Let f(w) = -48*w**2 - 174*w - 6. What is f(-4)?
-78
Let b(m) = 2*m**3 + 36*m**2 - 2548*m - 39572. What is b(-15)?
-2
Let w(j) = -13240*j + 2648097. What is w(200)?
97
Let z(p) = 6015*p + 156379. Determine z(-26).
-11
Let o(t) = 142036*t + 2414624. Calculate o(-17).
12
Let x(j) = 525821*j + 6309848. What is x(-12)?
-4
Let z(r) = r**3 + 8*r**2 + 2*r - 805. Give z(0).
-805
Let b(d) = -76*d - 5181. What is b(-75)?
519
Let i(x) = -x**3 + 14*x**2 - 18*x - 104. Determine i(5).
31
Let i(c) = -36691*c + 439770. Give i(12).
-522
Let i(p) = 2*p**2 + 4436*p + 271512. Give i(-63).
-18
Let r(w) = -50*w**2 + 2958*w - 354. Calculate r(59).
118
Let h(k) = -8618*k - 43035. Determine h(-5).
55
Let w(i) = -151227*i - 1058523. Calculate w(-7).
66
Let a(t) = t**3 + 165*t**2 + 71*t - 42232. Give a(-163).
-667
Let x(s) = -s**3 - 25*s**2 + 322*s - 10. Calculate x(9).
134
Let g(q) = 65590*q - 721483. Calculate g(11).
7
Let x(h) = -773*h**2 - 4655*h - 37. What is x(-6)?
65
Let k(u) = 454*u - 466. Determine k(1).
-12
Let o(g) = g**3 - 254*g**2 + 774*g - 5255. Calculate o(251).
16
Let b(t) = -404*t**2 - 2428*t - 17. Give b(-6).
7
Let m(a) = -2*a**2 - 8836*a - 15. Give m(0).
-15
Let c(u) = 5*u**3 - 1093*u**2 + 655*u - 250. What is c(218)?
-32
Let h(w) = 68*w - 1546. Give h(37).
970
Let c(r) = -r**3 - 25*r**2 - 407*r - 1025. Give c(-3).
-2
Let q(t) = -2*t**3 - 102*t**2 - 291*t - 82. What is q(-48)?
62
Let y(f) = 27*f + 2630. What is y(-127)?
-799
Let m(l) = 40*l**3 + 426*l**2 - 11*l - 5. What is m(-11)?
-1578
Let m(t) = -142*t**3 - 29*t**2 + 82*t + 8. Calculate m(3).
-3841
Let x(p) = p**3 - 48*p**2 + 163*p + 532. What is x(6)?
-2
Let u(q) = q**3 - 14*q**2 - 132*q + 59. What is u(21)?
374
Let a(y) = 1416*y - 138774. Determine a(98).
-6
Let c(y) = y**3 + 137*y**2 - 5613*y + 214. Determine c(33).
115
Let u(l) = -2*l**3 + 115*l**2 + 1268*l - 221. Give u(67).
-556
Let h(k) = 1280*k - 330249. Determine h(258).
-9
Let z(k) = 245*k + 212. Determine z(0).
212
Let m(z) = 3301*z - 31626. Determine m(10).
1384
Let z(g) = -g**3 - 17*g**2 + 20*g + 872. What is z(-15)?
122
Let y(a) = -251448*a + 2514471. Calculate y(10).
-9
Let o(f) = 39*f + 1709. Determine o(-45).
-46
Let l(a) = 77*a**2 + 103*a - 216. Give l(2).
298
Let m(n) = -n**3 - 5*n**2 + 740*n - 334. What is m(-30)?
-34
Let r(k) = -60*k - 241. Calculate r(-23).
1139
Let a(g) = -g**3 + 220*g**2 - 2298*g + 357398. Determine a(217).
-1
Let v(n) = 188*n**2 - 158*n + 329. Determine v(2).
765
Let o(b) = -10338*b - 2729227. Give o(-264).
5
Let d(z) = z**2 + 102*z + 626. Determine d(-87).
-679
Let s(b) = -705*b + 143788. Determine s(204).
-32
Let n(r) = -4*r**3 + 110*r**2 + 648*r + 121. Give n(32).
2425
Let t(i) = 5*i**2 - 369*i - 3247. Calculate t(-10).
943
Let d(w) = -4*w**2 - 160*w + 2277. Determine d(-51).
33
Let t(h) = -224*h**2 + 922*h - 8. Give t(4).
96
Let a(z) = -10*z**2 - 5932*z - 5952. Calculate a(-1).
-30
Let x(l) = -l**3 + 13*l**2 - 160*l + 2204. What is x(12)?
428
Let f(l) = 202*l - 24163. Calculate f(119).
-125
Let r(i) = 17*i**3 + 402*i**2 + 179*i - 1664. Calculate r(-23).
38
Let y(d) = -2*d**2 - 708*d - 18259. Give y(-326).
-3
Let v(q) = 6*q**2 - 4564*q + 48004. Give v(750).
4
Let m(g) = 47*g**3 - 70*g**2 + 219*g - 150. What is m(1)?
46
Let g(n) = -n**3 - 28*n**2 + 735*n + 20570. Calculate g(-28).
-10
Let t(y) = -y**3 + 152*y**2 - 456*y + 4. Give t(3).
-23
Let t(c) = -2*c**2 - 1430*c - 254716. Give t(-379).
-28
Let d(l) = l**2 + 334868*l - 2009248. Give d(6).
-4
Let f(r) = r**3 + 414*r**2 + 34*r + 14074. What is f(-414)?
-2
Let j(a) = 356182*a - 8192182. Determine j(23).
4
Let s(g) = -46*g**2 - 860*g + 1722. Determine s(2).
-182
Let k(d) = -18*d**2 - 13189*d - 460050. Determine k(-696).
6
Let t(y) = y**3 - 16*y**2 - 28*y + 590. Give t(15).
-55
Let i(g) = 2*g**2 + 1128*g + 134379. Calculate i(-393).
-27
Let x(q) = -3570*q - 42615. Determine x(-12).
225
Let i(j) = -128*j**3 - 312*j**2 + 42*j + 45. Give i(-1).
-181
Let a(s) = 